{"id":21,"date":"2026-01-30T16:10:07","date_gmt":"2026-01-30T16:10:07","guid":{"rendered":"https:\/\/cgsstock.2fcom.it\/?page_id=21"},"modified":"2026-02-04T14:55:08","modified_gmt":"2026-02-04T14:55:08","slug":"azienda","status":"publish","type":"page","link":"https:\/\/cgsstock.2fcom.it\/index.php\/azienda\/","title":{"rendered":"Azienda"},"content":{"rendered":"<p>[et_pb_section fb_built=&#8221;1&#8243; fullwidth=&#8221;on&#8221; _builder_version=&#8221;4.27.5&#8243; _module_preset=&#8221;default&#8221; bottom_divider_style=&#8221;curve&#8221; bottom_divider_color=&#8221;#FFFFFF&#8221; global_colors_info=&#8221;{}&#8221;][et_pb_fullwidth_header title=&#8221;AZIENDA&#8221; subhead=&#8221;Affidabilit\u00e0, competenza e attenzione al mercato.&#8221; header_fullscreen=&#8221;on&#8221; header_scroll_down=&#8221;on&#8221; scroll_down_icon=&#8221;%%7%%&#8221; scroll_down_icon_size=&#8221;43px&#8221; _builder_version=&#8221;4.27.5&#8243; _module_preset=&#8221;default&#8221; subhead_font_size=&#8221;39px&#8221; subhead_line_height=&#8221;1.3em&#8221; background_enable_color=&#8221;off&#8221; use_background_color_gradient=&#8221;on&#8221; background_color_gradient_direction=&#8221;118deg&#8221; background_color_gradient_stops=&#8221;rgba(0,0,0,0.65) 0%|rgba(0,104,130,0.55) 51%|rgba(0,104,130,0.11) 100%&#8221; background_color_gradient_overlays_image=&#8221;on&#8221; background_image=&#8221;https:\/\/cgsstock.2fcom.it\/wp-content\/uploads\/2026\/02\/img-home-3.jpg&#8221; parallax=&#8221;on&#8221; custom_margin=&#8221;-200px||||false|false&#8221; custom_padding=&#8221;||||false|false&#8221; hover_enabled=&#8221;0&#8243; global_colors_info=&#8221;{}&#8221; sticky_enabled=&#8221;0&#8243;]<\/p>\n<p>Grazie a una selezione accurata di abbigliamento, calzature e accessori per Uomo, Donna e Bambino, C.G.S. offre soluzioni commerciali mirate, di qualit\u00e0 e orientate ai risultati con articoli firmati e prodotti Made in Italy.<\/p>\n<p>[\/et_pb_fullwidth_header][\/et_pb_section][et_pb_section fb_built=&#8221;1&#8243; next_background_color=&#8221;#f0eee9&#8243; _builder_version=&#8221;4.27.5&#8243; _module_preset=&#8221;default&#8221; custom_margin=&#8221;||50px||false|false&#8221; custom_padding=&#8221;||50px||false|false&#8221; bottom_divider_style=&#8221;curve&#8221; global_colors_info=&#8221;{}&#8221;][et_pb_row column_structure=&#8221;1_2,1_2&#8243; _builder_version=&#8221;4.27.5&#8243; _module_preset=&#8221;default&#8221; global_colors_info=&#8221;{}&#8221;][et_pb_column type=&#8221;1_2&#8243; _builder_version=&#8221;4.27.5&#8243; _module_preset=&#8221;default&#8221; global_colors_info=&#8221;{}&#8221;][et_pb_text _builder_version=&#8221;4.27.5&#8243; _module_preset=&#8221;default&#8221; global_colors_info=&#8221;{}&#8221;]<\/p>\n<p><strong>C.G.S. Centro Gestione Stock<\/strong> \u00e8 un\u2019azienda in continua evoluzione, punto di riferimento nel settore dello <strong>stock d\u2019abbigliamento<\/strong> da oltre 30 anni. Grazie a un\u2019esperienza consolidata e a una profonda conoscenza del mercato, <strong>C.G.S.<\/strong> opera con successo nella selezione e distribuzione di <strong>stock di abbigliamento, calzature e accessori per Uomo, Donna e Bambino<\/strong>, offrendo soluzioni mirate per outlet, retail e grande distribuzione.<\/p>\n<p>La missione di <strong>C.G.S.<\/strong> \u00e8 fornire ai propri clienti <strong>stock di qualit\u00e0<\/strong>, attentamente selezionati per rispondere alle reali esigenze del mercato. L\u2019azienda privilegia <strong>articoli firmati e prodotti Made in Italy<\/strong>, simbolo di eccellenza, stile e affidabilit\u00e0, contribuendo a valorizzare uno dei principali motori dell\u2019economia e dell\u2019identit\u00e0 del nostro Paese.<\/p>\n<p>Il valore distintivo di <strong>C.G.S.<\/strong> risiede nella capacit\u00e0 di individuare e proporre <strong>diverse tipologie di stock<\/strong>, costruite con criteri strategici e commerciali. Ogni selezione \u00e8 studiata per garantire un assortimento equilibrato e competitivo, in grado di soddisfare le aspettative di target differenti e di supportare concretamente le performance di vendita dei clienti.<\/p>\n<p>[\/et_pb_text][\/et_pb_column][et_pb_column type=&#8221;1_2&#8243; _builder_version=&#8221;4.27.5&#8243; _module_preset=&#8221;default&#8221; global_colors_info=&#8221;{}&#8221;][et_pb_text _builder_version=&#8221;4.27.5&#8243; _module_preset=&#8221;default&#8221; global_colors_info=&#8221;{}&#8221;]<\/p>\n<p>Lo staff di<strong> C.G.S.<\/strong> lavora con <strong>precisione, competenza<\/strong> e <strong>attenzione ai dettagli<\/strong>, preparando<strong> stock di capi accuratamente selezionati<\/strong> per funzione, categoria e potenziale commerciale. L\u2019azienda affianca i clienti con un <strong>servizio consulenziale<\/strong>, suggerendo gli articoli pi\u00f9 vendibili in base alle diverse tipologie di punto vendita, al posizionamento del brand e alle dinamiche del mercato.<\/p>\n<p>Sempre orientata all\u2019innovazione e alla crescita,<strong> C.G.S.<\/strong> segue costantemente l\u2019evoluzione del <strong>settore fashion<\/strong> e le <strong>nuove tendenze<\/strong> di consumo, con l\u2019obiettivo di offrire soluzioni sempre pi\u00f9 efficaci, flessibili e competitive.<\/p>\n<p>[\/et_pb_text][et_pb_text _builder_version=&#8221;4.27.5&#8243; _module_preset=&#8221;default&#8221; header_3_font_size=&#8221;27px&#8221; header_3_line_height=&#8221;1.4em&#8221; global_colors_info=&#8221;{}&#8221;]<\/p>\n<h3><strong>Professionalit\u00e0, affidabilit\u00e0 e visione strategica rendono C.G.S. il partner ideale per chi cerca stock d\u2019abbigliamento di qualit\u00e0 e un supporto commerciale concreto e continuativo.<\/strong><\/h3>\n<p>[\/et_pb_text][\/et_pb_column][\/et_pb_row][et_pb_row column_structure=&#8221;1_2,1_2&#8243; _builder_version=&#8221;4.27.5&#8243; _module_preset=&#8221;default&#8221; global_colors_info=&#8221;{}&#8221;][et_pb_column type=&#8221;1_2&#8243; _builder_version=&#8221;4.27.5&#8243; _module_preset=&#8221;default&#8221; global_colors_info=&#8221;{}&#8221;][et_pb_image src=&#8221;https:\/\/cgsstock.2fcom.it\/wp-content\/uploads\/2026\/02\/stock-3.jpg&#8221; _builder_version=&#8221;4.27.5&#8243; _module_preset=&#8221;default&#8221; border_radii=&#8221;on|50px|50px|50px|50px&#8221; global_colors_info=&#8221;{}&#8221;][\/et_pb_image][\/et_pb_column][et_pb_column type=&#8221;1_2&#8243; _builder_version=&#8221;4.27.5&#8243; _module_preset=&#8221;default&#8221; global_colors_info=&#8221;{}&#8221;][et_pb_image src=&#8221;https:\/\/cgsstock.2fcom.it\/wp-content\/uploads\/2026\/02\/stock-2_.jpg&#8221; _builder_version=&#8221;4.27.5&#8243; _module_preset=&#8221;default&#8221; border_radii=&#8221;on|50px|50px|50px|50px&#8221; global_colors_info=&#8221;{}&#8221;][\/et_pb_image][\/et_pb_column][\/et_pb_row][\/et_pb_section][et_pb_section fb_built=&#8221;1&#8243; _builder_version=&#8221;4.27.5&#8243; _module_preset=&#8221;default&#8221; background_color=&#8221;#f0eee9&#8243; custom_margin=&#8221;||||false|false&#8221; custom_padding=&#8221;||||false|false&#8221; global_colors_info=&#8221;{}&#8221; locked=&#8221;off&#8221;][et_pb_row column_structure=&#8221;1_5,3_5,1_5&#8243; _builder_version=&#8221;4.27.5&#8243; _module_preset=&#8221;default&#8221; custom_margin=&#8221;||||false|false&#8221; custom_padding=&#8221;100px||130px||false|false&#8221; global_colors_info=&#8221;{}&#8221;][et_pb_column type=&#8221;1_5&#8243; _builder_version=&#8221;4.27.5&#8243; _module_preset=&#8221;default&#8221; global_colors_info=&#8221;{}&#8221;][et_pb_icon font_icon=&#8221;&#xf2b5;||fa||900&#8243; icon_color=&#8221;#006882&#8243; icon_width=&#8221;72px&#8221; _builder_version=&#8221;4.27.5&#8243; _module_preset=&#8221;default&#8221; hover_enabled=&#8221;0&#8243; global_colors_info=&#8221;{}&#8221; sticky_enabled=&#8221;0&#8243; border_width_all=&#8221;5px&#8221; border_radii=&#8221;on|50px|50px|50px|50px&#8221; border_color_all=&#8221;rgba(0,0,0,0.3)&#8221; custom_margin=&#8221;||||false|false&#8221; custom_padding=&#8221;6px|20px|6px|20px|true|true&#8221; align=&#8221;left&#8221;][\/et_pb_icon][\/et_pb_column][et_pb_column type=&#8221;3_5&#8243; _builder_version=&#8221;4.27.5&#8243; _module_preset=&#8221;default&#8221; global_colors_info=&#8221;{}&#8221;][et_pb_text _builder_version=&#8221;4.27.5&#8243; _module_preset=&#8221;default&#8221; header_4_font=&#8221;|700|||||||&#8221; header_4_text_color=&#8221;#006882&#8243; header_4_font_size=&#8221;30px&#8221; header_4_line_height=&#8221;1.3em&#8221; hover_enabled=&#8221;0&#8243; global_colors_info=&#8221;{}&#8221; sticky_enabled=&#8221;0&#8243;]<\/p>\n<h4>Diventa partner di C.G.S. e amplia il tuo business con stock selezionati di abbigliamento, calzature e accessori, garantendo qualit\u00e0 e convenienza ai tuoi clienti.<\/h4>\n<p>[\/et_pb_text][\/et_pb_column][et_pb_column type=&#8221;1_5&#8243; _builder_version=&#8221;4.27.5&#8243; _module_preset=&#8221;default&#8221; global_colors_info=&#8221;{}&#8221;][et_pb_button button_url=&#8221;@ET-DC@eyJkeW5hbWljIjp0cnVlLCJjb250ZW50IjoicG9zdF9saW5rX3VybF9wYWdlIiwic2V0dGluZ3MiOnsicG9zdF9pZCI6IjMwIn19@&#8221; button_text=&#8221;LAVORA CON NOI!&#8221; _builder_version=&#8221;4.27.5&#8243; _dynamic_attributes=&#8221;button_url&#8221; _module_preset=&#8221;default&#8221; hover_enabled=&#8221;0&#8243; global_colors_info=&#8221;{}&#8221; button_alignment=&#8221;left&#8221; sticky_enabled=&#8221;0&#8243;][\/et_pb_button][\/et_pb_column][\/et_pb_row][\/et_pb_section]<\/p>\n","protected":false},"excerpt":{"rendered":"<p>Grazie a una selezione accurata di abbigliamento, calzature e accessori per Uomo, Donna e Bambino, C.G.S. offre soluzioni commerciali mirate, di qualit\u00e0 e orientate ai risultati con articoli firmati e prodotti Made in Italy.C.G.S. Centro Gestione Stock \u00e8 un\u2019azienda in continua evoluzione, punto di riferimento nel settore dello stock d\u2019abbigliamento da oltre 30 anni. Grazie a un\u2019esperienza consolidata e a una profonda conoscenza del mercato, C.G.S. opera con successo nella selezione e distribuzione di stock di abbigliamento, calzature e accessori per Uomo, Donna e Bambino, offrendo soluzioni mirate per outlet, retail e grande distribuzione. La missione di C.G.S. \u00e8 fornire ai propri clienti stock di qualit\u00e0, attentamente selezionati per rispondere alle reali esigenze del mercato. L\u2019azienda privilegia articoli firmati e prodotti Made in Italy, simbolo di eccellenza, stile e affidabilit\u00e0, contribuendo a valorizzare uno dei principali motori dell\u2019economia e dell\u2019identit\u00e0 del nostro Paese. Il valore distintivo di C.G.S. risiede nella capacit\u00e0 di individuare e proporre diverse tipologie di stock, costruite con criteri strategici e commerciali. Ogni selezione \u00e8 studiata per garantire un assortimento equilibrato e competitivo, in grado di soddisfare le aspettative di target differenti e di supportare concretamente le performance di vendita dei clienti.Lo staff di C.G.S. lavora con [&hellip;]<\/p>\n","protected":false},"author":1,"featured_media":0,"parent":0,"menu_order":0,"comment_status":"closed","ping_status":"closed","template":"","meta":{"_et_pb_use_builder":"on","_et_pb_old_content":"","_et_gb_content_width":"","footnotes":""},"class_list":["post-21","page","type-page","status-publish","hentry"],"_links":{"self":[{"href":"https:\/\/cgsstock.2fcom.it\/index.php\/wp-json\/wp\/v2\/pages\/21","targetHints":{"allow":["GET"]}}],"collection":[{"href":"https:\/\/cgsstock.2fcom.it\/index.php\/wp-json\/wp\/v2\/pages"}],"about":[{"href":"https:\/\/cgsstock.2fcom.it\/index.php\/wp-json\/wp\/v2\/types\/page"}],"author":[{"embeddable":true,"href":"https:\/\/cgsstock.2fcom.it\/index.php\/wp-json\/wp\/v2\/users\/1"}],"replies":[{"embeddable":true,"href":"https:\/\/cgsstock.2fcom.it\/index.php\/wp-json\/wp\/v2\/comments?post=21"}],"version-history":[{"count":24,"href":"https:\/\/cgsstock.2fcom.it\/index.php\/wp-json\/wp\/v2\/pages\/21\/revisions"}],"predecessor-version":[{"id":213,"href":"https:\/\/cgsstock.2fcom.it\/index.php\/wp-json\/wp\/v2\/pages\/21\/revisions\/213"}],"wp:attachment":[{"href":"https:\/\/cgsstock.2fcom.it\/index.php\/wp-json\/wp\/v2\/media?parent=21"}],"curies":[{"name":"wp","href":"https:\/\/api.w.org\/{rel}","templated":true}]}}